{"id":105439,"date":"2022-09-13T14:22:08","date_gmt":"2022-09-13T12:22:08","guid":{"rendered":"https:\/\/www.sunnerg.com\/?page_id=105439"},"modified":"2022-09-13T14:33:35","modified_gmt":"2022-09-13T12:33:35","slug":"privacy-policy-curriculum","status":"publish","type":"page","link":"https:\/\/www.sunnerg.com\/it\/privacy-policy-curriculum\/","title":{"rendered":"Privacy Policy Curriculum"},"content":{"rendered":"<p><strong>CURRICULUM VITAE<\/strong><\/p>\n<p>Sunnerg Group S.r.l. (di seguito anche il Titolare o Sunnerg) rilascia all\u2019Interessato e cio\u00e8 alla persona alla quale i dati personali si riferiscono, le seguenti informazioni ai sensi dell\u2019art. 13 Regolamento UE n. 2016\/679 del 27 aprile 2016 (di seguito GDPR), relativo alla protezione delle persone fisiche con riguardo al trattamento dei dati personali. La presente informativa ha lo scopo di descrivere le caratteristiche dei trattamenti svolti in relazione ai dati personali forniti dall\u2019Interessato e le misure adottate al fine di tutelarne i diritti.<\/p>\n<p><strong>Titolare del trattamento<\/strong><\/p>\n<p>Il Titolare del trattamento \u00e8 Sunnerg Group\u00a0 S.r.l.\u00a0 con sede legale in via San Pietro all&#8217;Orto n. 10 &#8211; 20121 \u2013 Milano (MI)- P.IVA 10331180967- e-mail:\u00a0<a href=\"mailto:privacy@sunnerg.com\">privacy@sunnerg.com<\/a>.<\/p>\n<p>&nbsp;<\/p>\n<p><strong>Dati oggetto di trattamento<\/strong><\/p>\n<p>Il Titolare raccoglie essenzialmente i seguenti dati personali:<\/p>\n<ul>\n<li>Dati anagrafici<\/li>\n<li>Dati inerenti all\u2019attivit\u00e0 lavorativa<\/li>\n<li>Dati relativi all&#8217;istruzione<\/li>\n<li>Dati di contatto<\/li>\n<li>Immagini<\/li>\n<\/ul>\n<p>Nonch\u00e9 in generale le informazioni relative alle esperienze professionali rese dal Candidato sotto forma di curriculum vitae e\/o lettera di presentazione.<\/p>\n<p>Ai fini della presente Informativa, la raccolta riguarder\u00e0 solo i dati comuni. Il Candidato non dovr\u00e0, pertanto, comunicare dati appartenenti a particolari categorie (es. dati inerenti allo stato di salute).<\/p>\n<p>In ogni caso, il Titolare tratter\u00e0 i soli dati rilevanti e strettamente indispensabili all\u2019instaurazione dell\u2019eventuale rapporto di lavoro.<\/p>\n<p>Qualora la posizione di lavoro offerta dal Titolare sia rivolta a categorie protette e\/o la candidatura spontanea provenga da soggetto appartenente a una categoria protetta, il Titolare potr\u00e0 utilizzare i dati appartenenti a particolari categorie dell\u2019Interessato nei soli ed esclusivi limiti dell\u2019instaurazione del rapporto lavorativo. Ogni eventuale dato appartenente a particolari categorie, comunicato spontaneamente dall\u2019Interessato tramite il CV e\/o durante il colloquio sar\u00e0 trattato solo ed esclusivamente ove necessario ai fini dell\u2019instaurando rapporto di lavoro.<\/p>\n<p>&nbsp;<\/p>\n<p><strong>Finalit\u00e0 del trattamento<\/strong><\/p>\n<p>I dati personali verranno trattati per le seguenti Finalit\u00e0:<\/p>\n<ol>\n<li>Valutare la candidatura.<\/li>\n<li>Avviare una collaborazione lavorativa.<\/li>\n<\/ol>\n<p><strong>\u00a0<\/strong><\/p>\n<p><strong>Tempo di conservazione dei dati<\/strong><\/p>\n<p>I dati personali trattati per le Finalit\u00e0 (a), (b) saranno conservati per il periodo strettamente necessario al perseguimento delle Finalit\u00e0 per cui sono stati raccolti.<\/p>\n<p>Il Titolare potr\u00e0 tuttavia conservare i dati personali anche successivamente ove ritenga che continuino a sussistere ulteriori finalit\u00e0 connesse a interessi di ricerca e selezione del personale e quindi, nel caso di:<\/p>\n<ul>\n<li>Candidatura spontanea, i dati personali dell\u2019Interessato verranno conservati per 12 mesi dalla ricezione del curriculum. Dopodich\u00e9, trascorsi questi 12 mesi, i dati personali verranno cancellati;<\/li>\n<li>Risposta a specifici annunci di ricerca e selezione del personale pubblicati dal Titolare e\/o per suo conto da terze parti, i dati personali verranno conservati fintanto che l\u2019offerta resta valida. Dopodich\u00e9, trascorsi sei mesi dalla cessazione di validit\u00e0 dell\u2019offerta i dati personali verranno cancellati.<\/li>\n<\/ul>\n<p>&nbsp;<\/p>\n<p><strong>Liceit\u00e0 del trattamento <\/strong><\/p>\n<p>Il trattamento \u00e8 lecito perch\u00e9 fondato sulla seguente base giuridica:<\/p>\n<ul>\n<li>esecuzione di misure precontrattuali adottate su richiesta dell\u2019Interessato.<\/li>\n<\/ul>\n<p>&nbsp;<\/p>\n<p><strong>Modalit\u00e0 del trattamento<\/strong><\/p>\n<p>I dati personali sono trattati per il perseguimento delle finalit\u00e0 indicate nella presente informativa sia supporto elettronico, che su supporto cartaceo.<\/p>\n<p>&nbsp;<\/p>\n<p><strong>Natura obbligatoria o facoltativa del conferimento dei dati<\/strong><\/p>\n<p>Il conferimento dei dati per le Finalit\u00e0 previste alle lettere (a), (b) \u00e8 <strong>facoltativo<\/strong> ed il rifiuto al conferimento degli stessi, comporter\u00e0 per il Titolare l\u2019impossibilit\u00e0 di valutare la candidatura e di avviare quindi una possibile collaborazione lavorativa.<\/p>\n<p>&nbsp;<\/p>\n<p><strong>Categorie di soggetti ai quali i dati personali possono essere comunicati<\/strong><\/p>\n<p>Il trattamento dei dati personali fornitici potr\u00e0 essere effettuato, nel rispetto del principio della stretta indispensabilit\u00e0 dei trattamenti:<\/p>\n<ul>\n<li>Dal personale dipendente del Titolare, che agisce e tratta i dati sotto l\u2019autorit\u00e0 e le istruzioni dello stesso, a norma dell\u2019art. 29 del GDPR ovvero del personale dipendente designato dal Titolare, a norma dell\u2019art. 2 <em>quaterdecies<\/em> del D. Lgs. n. 101\/2018.<\/li>\n<li>Da persone fisiche o giuridiche la cui facolt\u00e0 di accedere ai dati personali dell\u2019Interessato sia riconosciuta da disposizioni di legge previste dal diritto dell\u2019Unione Europea o dalla legge italiana, quali, a titolo esemplificativo, autorit\u00e0 competenti e\/o organi di vigilanza per l\u2019espletamento degli obblighi di legge, e pubbliche Amministrazioni per i loro fini istituzionali.<\/li>\n<li>Da persone fisiche o giuridiche di cui il Titolare si avvale per lo svolgimento delle attivit\u00e0 strumentali al raggiungimento delle Finalit\u00e0 (come ad esempio, fornitori di software, partner cloud, datacenter, consulenti IT). I soggetti terzi che accederanno ai dati lo faranno rispettando la normativa vigente in materia di protezione dei dati personali e le istruzioni impartite dal Titolare e saranno in ogni caso nominati dal Titolare, Responsabili del trattamento.<\/li>\n<\/ul>\n<p>Un elenco dei Responsabili del trattamento \u00e8 disponibile presso la sede del Titolare.<\/p>\n<p>&nbsp;<\/p>\n<p><strong>Diffusione dei dati<\/strong><\/p>\n<p>I dati non verranno diffusi in alcun caso.<\/p>\n<p>&nbsp;<\/p>\n<p><strong>Diritti dell\u2019Interessato<\/strong><\/p>\n<p>Il GDPR garantisce all\u2019 Interessato del trattamento specifici diritti. Per ciascun trattamento, l\u2019Interessato pu\u00f2 esercitare i seguenti diritti:<\/p>\n<ul>\n<li><strong>Diritto di accesso<\/strong>: ha il diritto di ottenere una copia dei dati personali di cui siamo in possesso e che sono sottoposti a trattamento.<\/li>\n<li><strong>Diritto alla rettificazione<\/strong>: ha il diritto di rettificare i dati personali conservati dal Titolare qualora non siano aggiornati o corretti.<\/li>\n<li><strong>Diritto di opporsi<\/strong> al trattamento di dati personali per finalit\u00e0 commerciali: pu\u00f2 chiedere che il Titolare cessi di inviare comunicazioni commerciali in qualsiasi momento.<\/li>\n<li><strong>Diritto di opporsi<\/strong> a decisioni basate su processi esclusivamente automatizzati: pu\u00f2 chiedere di non essere destinatario di decisioni prese in base a processi esclusivamente automatizzati, inclusa l\u2019attivit\u00e0 di profilazione.<\/li>\n<li><strong>Diritto di revocare<\/strong> un consenso prestato: ha il diritto di revocare il consenso prestato per un determinato trattamento in qualsiasi momento.<\/li>\n<li><strong>Diritto di rivolgersi all\u2019Autorit\u00e0 Garante per la protezione dei dati personali<\/strong>: ha il diritto di rivolgersi all\u2019Autorit\u00e0\u0300 Garante per la protezione dei dati personali qualora abbia dubbi sul trattamento di dati personali operato dal Titolare.<\/li>\n<\/ul>\n<p>&nbsp;<\/p>\n<p>L\u2019Interessato pu\u00f2 esercitare anche i seguenti diritti al ricorrere di determinate circostanze:<\/p>\n<ul>\n<li><strong>Diritto alla cancellazione<\/strong>: pu\u00f2 richiedere che il Titolare cancelli i dati personali dell\u2019Interessato qualora siano cessati gli scopi del trattamento e non sussistano interessi legittimi o norme di legge che ne impongano la continuazione.<\/li>\n<li><strong>Diritto di opporsi<\/strong> ad un trattamento: pu\u00f2 chiedere che il Titolare cessi di svolgere un determinato trattamento sui dati personali dell\u2019Interessato.<\/li>\n<li><strong>Diritto di limitare<\/strong> il trattamento: ha il diritto di richiedere che il Titolare limiti le operazioni di trattamento sui dati personali dell\u2019Interessato.<\/li>\n<li><strong>Diritto alla portabilit\u00e0<\/strong> del dato: ha il diritto di ottenere una copia dei dati in un formato strutturato di uso comune e leggibile da dispositivo automatico da un altro Titolare.<\/li>\n<\/ul>\n<p>&nbsp;<\/p>\n<p>Per esercitare ciascuno dei citati diritti, l\u2019Interessato pu\u00f2 inviare una e-mail o scrivere al seguente indirizzo specificando la richiesta e fornendo al Titolare le informazioni necessarie alla corretta identificazione del mittente (allegando anche una copia del Suo documento di identit\u00e0):<\/p>\n<ul>\n<li>via e-mail: <a href=\"mailto:privacy@sunnerg.com\">privacy@sunnerg.com<\/a><\/li>\n<li>via posta: Sunnerg Group S.r.l., via via San Pietro all&#8217;Orto n. 10 &#8211; 20121 \u2013 Milano (MI)<\/li>\n<\/ul>\n<p>&nbsp;<\/p>\n<p>Sunnerg risponder\u00e0 entro un mese. Se per qualche motivo il Titolare non riuscisse a rispondere, fornir\u00e0 una spiegazione dettagliata sul motivo per cui non pu\u00f2 soddisfare la richiesta.<\/p>\n<p>La presente informativa potrebbe subire nel tempo delle modifiche o delle integrazioni, pertanto La invitiamo a consultare periodicamente il sito internet del Titolare &#8211; <a href=\"https:\/\/www.sunnerg.com\">www.sunnerg.com<\/a> &#8211; per rimanere costantemente aggiornato.<\/p>\n<p>Versione 01 \u2013 settembre 2022<\/p>\n","protected":false},"excerpt":{"rendered":"<p>CURRICULUM VITAE Sunnerg Group S.r.l. (di seguito anche il Titolare o Sunnerg) rilascia all\u2019Interessato e cio\u00e8 alla persona alla quale [&hellip;]<\/p>\n","protected":false},"author":1,"featured_media":103618,"parent":0,"menu_order":0,"comment_status":"closed","ping_status":"closed","template":"","meta":[],"_links":{"self":[{"href":"https:\/\/www.sunnerg.com\/it\/wp-json\/wp\/v2\/pages\/105439"}],"collection":[{"href":"https:\/\/www.sunnerg.com\/it\/wp-json\/wp\/v2\/pages"}],"about":[{"href":"https:\/\/www.sunnerg.com\/it\/wp-json\/wp\/v2\/types\/page"}],"author":[{"embeddable":true,"href":"https:\/\/www.sunnerg.com\/it\/wp-json\/wp\/v2\/users\/1"}],"replies":[{"embeddable":true,"href":"https:\/\/www.sunnerg.com\/it\/wp-json\/wp\/v2\/comments?post=105439"}],"version-history":[{"count":3,"href":"https:\/\/www.sunnerg.com\/it\/wp-json\/wp\/v2\/pages\/105439\/revisions"}],"predecessor-version":[{"id":105446,"href":"https:\/\/www.sunnerg.com\/it\/wp-json\/wp\/v2\/pages\/105439\/revisions\/105446"}],"wp:featuredmedia":[{"embeddable":true,"href":"https:\/\/www.sunnerg.com\/it\/wp-json\/wp\/v2\/media\/103618"}],"wp:attachment":[{"href":"https:\/\/www.sunnerg.com\/it\/wp-json\/wp\/v2\/media?parent=105439"}],"curies":[{"name":"wp","href":"https:\/\/api.w.org\/{rel}","templated":true}]}}

<p><strong>CURRICULUM VITAE</strong></p>
<p>Sunnerg Group S.r.l. (di seguito anche il Titolare o Sunnerg) rilascia all’Interessato e cioè alla persona alla quale i dati personali si riferiscono, le seguenti informazioni ai sensi dell’art. 13 Regolamento UE n. 2016/679 del 27 aprile 2016 (di seguito GDPR), relativo alla protezione delle persone fisiche con riguardo al trattamento dei dati personali. La presente informativa ha lo scopo di descrivere le caratteristiche dei trattamenti svolti in relazione ai dati personali forniti dall’Interessato e le misure adottate al fine di tutelarne i diritti.</p>
<p><strong>Titolare del trattamento</strong></p>
<p>Il Titolare del trattamento è Sunnerg Group  S.r.l.  con sede legale in via San Pietro all&#8217;Orto n. 10 &#8211; 20121 – Milano (MI)- P.IVA 10331180967- e-mail: <a href="mailto:privacy@sunnerg.com">privacy@sunnerg.com</a>.</p>
<p>&nbsp;</p>
<p><strong>Dati oggetto di trattamento</strong></p>
<p>Il Titolare raccoglie essenzialmente i seguenti dati personali:</p>
<ul>
<li>Dati anagrafici</li>
<li>Dati inerenti all’attività lavorativa</li>
<li>Dati relativi all&#8217;istruzione</li>
<li>Dati di contatto</li>
<li>Immagini</li>
</ul>
<p>Nonché in generale le informazioni relative alle esperienze professionali rese dal Candidato sotto forma di curriculum vitae e/o lettera di presentazione.</p>
<p>Ai fini della presente Informativa, la raccolta riguarderà solo i dati comuni. Il Candidato non dovrà, pertanto, comunicare dati appartenenti a particolari categorie (es. dati inerenti allo stato di salute).</p>
<p>In ogni caso, il Titolare tratterà i soli dati rilevanti e strettamente indispensabili all’instaurazione dell’eventuale rapporto di lavoro.</p>
<p>Qualora la posizione di lavoro offerta dal Titolare sia rivolta a categorie protette e/o la candidatura spontanea provenga da soggetto appartenente a una categoria protetta, il Titolare potrà utilizzare i dati appartenenti a particolari categorie dell’Interessato nei soli ed esclusivi limiti dell’instaurazione del rapporto lavorativo. Ogni eventuale dato appartenente a particolari categorie, comunicato spontaneamente dall’Interessato tramite il CV e/o durante il colloquio sarà trattato solo ed esclusivamente ove necessario ai fini dell’instaurando rapporto di lavoro.</p>
<p>&nbsp;</p>
<p><strong>Finalità del trattamento</strong></p>
<p>I dati personali verranno trattati per le seguenti Finalità:</p>
<ol>
<li>Valutare la candidatura.</li>
<li>Avviare una collaborazione lavorativa.</li>
</ol>
<p><strong> </strong></p>
<p><strong>Tempo di conservazione dei dati</strong></p>
<p>I dati personali trattati per le Finalità (a), (b) saranno conservati per il periodo strettamente necessario al perseguimento delle Finalità per cui sono stati raccolti.</p>
<p>Il Titolare potrà tuttavia conservare i dati personali anche successivamente ove ritenga che continuino a sussistere ulteriori finalità connesse a interessi di ricerca e selezione del personale e quindi, nel caso di:</p>
<ul>
<li>Candidatura spontanea, i dati personali dell’Interessato verranno conservati per 12 mesi dalla ricezione del curriculum. Dopodiché, trascorsi questi 12 mesi, i dati personali verranno cancellati;</li>
<li>Risposta a specifici annunci di ricerca e selezione del personale pubblicati dal Titolare e/o per suo conto da terze parti, i dati personali verranno conservati fintanto che l’offerta resta valida. Dopodiché, trascorsi sei mesi dalla cessazione di validità dell’offerta i dati personali verranno cancellati.</li>
</ul>
<p>&nbsp;</p>
<p><strong>Liceità del trattamento </strong></p>
<p>Il trattamento è lecito perché fondato sulla seguente base giuridica:</p>
<ul>
<li>esecuzione di misure precontrattuali adottate su richiesta dell’Interessato.</li>
</ul>
<p>&nbsp;</p>
<p><strong>Modalità del trattamento</strong></p>
<p>I dati personali sono trattati per il perseguimento delle finalità indicate nella presente informativa sia supporto elettronico, che su supporto cartaceo.</p>
<p>&nbsp;</p>
<p><strong>Natura obbligatoria o facoltativa del conferimento dei dati</strong></p>
<p>Il conferimento dei dati per le Finalità previste alle lettere (a), (b) è <strong>facoltativo</strong> ed il rifiuto al conferimento degli stessi, comporterà per il Titolare l’impossibilità di valutare la candidatura e di avviare quindi una possibile collaborazione lavorativa.</p>
<p>&nbsp;</p>
<p><strong>Categorie di soggetti ai quali i dati personali possono essere comunicati</strong></p>
<p>Il trattamento dei dati personali fornitici potrà essere effettuato, nel rispetto del principio della stretta indispensabilità dei trattamenti:</p>
<ul>
<li>Dal personale dipendente del Titolare, che agisce e tratta i dati sotto l’autorità e le istruzioni dello stesso, a norma dell’art. 29 del GDPR ovvero del personale dipendente designato dal Titolare, a norma dell’art. 2 <em>quaterdecies</em> del D. Lgs. n. 101/2018.</li>
<li>Da persone fisiche o giuridiche la cui facoltà di accedere ai dati personali dell’Interessato sia riconosciuta da disposizioni di legge previste dal diritto dell’Unione Europea o dalla legge italiana, quali, a titolo esemplificativo, autorità competenti e/o organi di vigilanza per l’espletamento degli obblighi di legge, e pubbliche Amministrazioni per i loro fini istituzionali.</li>
<li>Da persone fisiche o giuridiche di cui il Titolare si avvale per lo svolgimento delle attività strumentali al raggiungimento delle Finalità (come ad esempio, fornitori di software, partner cloud, datacenter, consulenti IT). I soggetti terzi che accederanno ai dati lo faranno rispettando la normativa vigente in materia di protezione dei dati personali e le istruzioni impartite dal Titolare e saranno in ogni caso nominati dal Titolare, Responsabili del trattamento.</li>
</ul>
<p>Un elenco dei Responsabili del trattamento è disponibile presso la sede del Titolare.</p>
<p>&nbsp;</p>
<p><strong>Diffusione dei dati</strong></p>
<p>I dati non verranno diffusi in alcun caso.</p>
<p>&nbsp;</p>
<p><strong>Diritti dell’Interessato</strong></p>
<p>Il GDPR garantisce all’ Interessato del trattamento specifici diritti. Per ciascun trattamento, l’Interessato può esercitare i seguenti diritti:</p>
<ul>
<li><strong>Diritto di accesso</strong>: ha il diritto di ottenere una copia dei dati personali di cui siamo in possesso e che sono sottoposti a trattamento.</li>
<li><strong>Diritto alla rettificazione</strong>: ha il diritto di rettificare i dati personali conservati dal Titolare qualora non siano aggiornati o corretti.</li>
<li><strong>Diritto di opporsi</strong> al trattamento di dati personali per finalità commerciali: può chiedere che il Titolare cessi di inviare comunicazioni commerciali in qualsiasi momento.</li>
<li><strong>Diritto di opporsi</strong> a decisioni basate su processi esclusivamente automatizzati: può chiedere di non essere destinatario di decisioni prese in base a processi esclusivamente automatizzati, inclusa l’attività di profilazione.</li>
<li><strong>Diritto di revocare</strong> un consenso prestato: ha il diritto di revocare il consenso prestato per un determinato trattamento in qualsiasi momento.</li>
<li><strong>Diritto di rivolgersi all’Autorità Garante per la protezione dei dati personali</strong>: ha il diritto di rivolgersi all’Autorità̀ Garante per la protezione dei dati personali qualora abbia dubbi sul trattamento di dati personali operato dal Titolare.</li>
</ul>
<p>&nbsp;</p>
<p>L’Interessato può esercitare anche i seguenti diritti al ricorrere di determinate circostanze:</p>
<ul>
<li><strong>Diritto alla cancellazione</strong>: può richiedere che il Titolare cancelli i dati personali dell’Interessato qualora siano cessati gli scopi del trattamento e non sussistano interessi legittimi o norme di legge che ne impongano la continuazione.</li>
<li><strong>Diritto di opporsi</strong> ad un trattamento: può chiedere che il Titolare cessi di svolgere un determinato trattamento sui dati personali dell’Interessato.</li>
<li><strong>Diritto di limitare</strong> il trattamento: ha il diritto di richiedere che il Titolare limiti le operazioni di trattamento sui dati personali dell’Interessato.</li>
<li><strong>Diritto alla portabilità</strong> del dato: ha il diritto di ottenere una copia dei dati in un formato strutturato di uso comune e leggibile da dispositivo automatico da un altro Titolare.</li>
</ul>
<p>&nbsp;</p>
<p>Per esercitare ciascuno dei citati diritti, l’Interessato può inviare una e-mail o scrivere al seguente indirizzo specificando la richiesta e fornendo al Titolare le informazioni necessarie alla corretta identificazione del mittente (allegando anche una copia del Suo documento di identità):</p>
<ul>
<li>via e-mail: <a href="mailto:privacy@sunnerg.com">privacy@sunnerg.com</a></li>
<li>via posta: Sunnerg Group S.r.l., via via San Pietro all&#8217;Orto n. 10 &#8211; 20121 – Milano (MI)</li>
</ul>
<p>&nbsp;</p>
<p>Sunnerg risponderà entro un mese. Se per qualche motivo il Titolare non riuscisse a rispondere, fornirà una spiegazione dettagliata sul motivo per cui non può soddisfare la richiesta.</p>
<p>La presente informativa potrebbe subire nel tempo delle modifiche o delle integrazioni, pertanto La invitiamo a consultare periodicamente il sito internet del Titolare &#8211; <a href="https://www.sunnerg.com">www.sunnerg.com</a> &#8211; per rimanere costantemente aggiornato.</p>
<p>Versione 01 – settembre 2022</p>

<p>CURRICULUM VITAE Sunnerg Group S.r.l. (di seguito anche il Titolare o Sunnerg) rilascia all’Interessato e cioè alla persona alla quale [&hellip;]</p>
